{"id":41,"date":"2018-02-19T21:18:26","date_gmt":"2018-02-19T20:18:26","guid":{"rendered":"http:\/\/kosmetik-lindemann.de\/wordpress\/?page_id=41"},"modified":"2018-10-04T14:40:58","modified_gmt":"2018-10-04T12:40:58","slug":"anfahrt","status":"publish","type":"page","link":"https:\/\/kosmetik-lindemann.de\/wordpress\/index.php\/anfahrt\/","title":{"rendered":"Anfahrt"},"content":{"rendered":"<p>&nbsp;<\/p>\n<p>Hier finden Sie Ruhe und Entspannung :<\/p>\n<p>&nbsp;<\/p>\n<p>Skin Care Kosmetikstudio<\/p>\n<p>Sandra Lindemann<\/p>\n<p>Erlenfeldstr. 34<\/p>\n<p>59075 Hamm<\/p>\n<p>&nbsp;<\/p>\n<p>Das Kosmetikstudio ist mit dem Bus der Linie 2 zu erreichen. Die n\u00e4chste Haltestelle ist Uhlenfeld Hamm\/westf.\u00a0 oder Uhlenfeld\/Wendeplatz Hamm\/westf.<\/p>\n<p>Mit dem Auto fahren sie die Erlenfeldstr. runter bis sie rechts abgeht; dort das gelbe Haus auf der rechten Seite. Wenn Sie von der R\u00f6merstr. kommen, am Buswendeplatz ( schr\u00e4g gegen\u00fcber der Tankstelle) links in die Erlenfeldstr.\u00a0 fahren und dann ca. 200 m das gelbe Haus auf der linken Seite.<\/p>\n<p>Bei Fragen einfach anrufen:<\/p>\n<p>Tel. <a href=\"tel:\/\/+492381549577\">02381 &#8211; 549 577<\/a><\/p>\n<p>&nbsp;<\/p>\n<p>Im Studio ist EC-Kartenzahlung m\u00f6glich<\/p>\n","protected":false},"excerpt":{"rendered":"<p>&nbsp; Hier finden Sie Ruhe und Entspannung : &nbsp; Skin Care Kosmetikstudio Sandra Lindemann Erlenfeldstr. 34 59075 Hamm &nbsp; Das Kosmetikstudio ist mit dem Bus der Linie 2 zu erreichen. Die n\u00e4chste Haltestelle ist Uhlenfeld Hamm\/westf.\u00a0 oder Uhlenfeld\/Wendeplatz Hamm\/westf. Mit dem Auto fahren sie die Erlenfeldstr. runter bis sie rechts abgeht; dort das gelbe Haus &hellip; <\/p>\n<p class=\"link-more\"><a href=\"https:\/\/kosmetik-lindemann.de\/wordpress\/index.php\/anfahrt\/\" class=\"more-link\"><span class=\"screen-reader-text\">\u201eAnfahrt\u201c<\/span> weiterlesen<\/a><\/p>\n","protected":false},"author":1,"featured_media":0,"parent":0,"menu_order":0,"comment_status":"closed","ping_status":"closed","template":"","meta":{"footnotes":""},"class_list":["post-41","page","type-page","status-publish","hentry"],"_links":{"self":[{"href":"https:\/\/kosmetik-lindemann.de\/wordpress\/index.php\/wp-json\/wp\/v2\/pages\/41","targetHints":{"allow":["GET"]}}],"collection":[{"href":"https:\/\/kosmetik-lindemann.de\/wordpress\/index.php\/wp-json\/wp\/v2\/pages"}],"about":[{"href":"https:\/\/kosmetik-lindemann.de\/wordpress\/index.php\/wp-json\/wp\/v2\/types\/page"}],"author":[{"embeddable":true,"href":"https:\/\/kosmetik-lindemann.de\/wordpress\/index.php\/wp-json\/wp\/v2\/users\/1"}],"replies":[{"embeddable":true,"href":"https:\/\/kosmetik-lindemann.de\/wordpress\/index.php\/wp-json\/wp\/v2\/comments?post=41"}],"version-history":[{"count":5,"href":"https:\/\/kosmetik-lindemann.de\/wordpress\/index.php\/wp-json\/wp\/v2\/pages\/41\/revisions"}],"predecessor-version":[{"id":153,"href":"https:\/\/kosmetik-lindemann.de\/wordpress\/index.php\/wp-json\/wp\/v2\/pages\/41\/revisions\/153"}],"wp:attachment":[{"href":"https:\/\/kosmetik-lindemann.de\/wordpress\/index.php\/wp-json\/wp\/v2\/media?parent=41"}],"curies":[{"name":"wp","href":"https:\/\/api.w.org\/{rel}","templated":true}]}}